 3. Let d be n(-3). Let v(r) = -r**3 + 5*r**2 + 5*r + 2. Let y be v(d). Calculate i(y).
5
Let a(j) = -3*j**2 + 3*j - 3. Let l be (-15)/(-10)*52/6. Let v = l + -11. Determine a(v).
-9
Let v(l) be the first derivative of -3*l**2/2 + 15. Calculate v(3).
-9
Let m(d) be the third derivative of -d**5/60 - d**4/4 - d**3 - 3*d**2. Give m(-5).
-1
Let i(m) = 3*m + 26. Suppose -4*n - 6 - 6 = 0. Let c(u) = -u - 9. Let k(g) = n*i(g) - 8*c(g). Suppose 0 = -2*q - 5 - 5. Calculate k(q).
-1
Let s(z) be the third derivative of 0*z + 1/120*z**6 - 4*z**2 + 0 + 1/2*z**3 + 1/12*z**5 + 5/24*z**4. Let m(q) = q**2 + 5*q + 1. Let i be m(-4). Determine s(i).
6
Let k(l) = 5*l**2 + l. Let v be k(1). Let r(a) = 7 + 5*a + 0*a + 2 - v*a. Calculate r(6).
3
Suppose 6 = -4*c + 26. Let w(d) = -d**2 + 2*d + 3. Determine w(c).
-12
Suppose 0 = 4*b + 10 + 10. Let m(d) = -d**3 - 5*d**2 + 0 - 3 + 2*d + 5. What is m(b)?
-8
Let c(x) be the first derivative of 3*x**4/2 - 2*x**3/3 + x + 4. Determine c(-1).
-7
Let n(u) = -2*u + 4. Let a(w) = w - 1. Let f be a(5). Let m = 0 + f. Calculate n(m).
-4
Suppose 4*k - 33 + 25 = 0. Let m = 12 - 8. Let l(r) = -m + 6 - 1 - 2*r. Give l(k).
-3
Let j be (-4)/26 - (200/52 + -4). Let i(n) be the second derivative of 1/6*n**4 - 1/2*n**2 + n + 0*n**3 + j. What is i(-2)?
7
Let k(x) be the third derivative of -x**6/120 + x**5/30 + x**4/4 - x**3/6 - 3*x**2. Suppose 2*n - 4 = n. What is k(n)?
-9
Let w(x) = -3*x + 6 + 2*x - x**3 - x**2 + 7*x**2 - 5*x. Determine w(5).
1
Suppose 7*v = 3*v. Let p(h) = -5*h - 17. Let m(b) = -b - 4. Let o(z) = -9*m(z) + 2*p(z). Calculate o(v).
2
Let z(q) = 4*q + 15*q - 1 - 12*q. Determine z(-1).
-8
Let c(h) = 4*h**2 + 7*h + 10. Let l(k) = 5*k**2 + 7*k + 12. Let x(s) = 4*c(s) - 3*l(s). Determine x(-8).
12
Let l(b) = -b**3 + 8*b**2 - 8*b + 6. Let d be (-4 + 2 - -2)/2. Suppose -7 = -j - d. Let y be l(j). Let m(c) = -c**2 + 1. Give m(y).
0
Let k(t) be the third derivative of t**4/12 + t**3/3 - 3*t**2. Calculate k(5).
12
Suppose -34 = -y - y - 2*v, 5*v - 1 = y. Let c = y + -10. Suppose 4*q - x + 22 = 0, -2*q + 2 - c = 4*x. Let s(k) = k**3 + 4*k**2 - 5*k + 6. What is s(q)?
6
Suppose -2*l - 112 = -6*l. Let t be 1/(l/10 + -3). Let h(w) = w**3 + 5*w**2 - 2*w - 7. Give h(t).
3
Let d(o) = 2 + 11*o**2 + 5 - 3 - 5. What is d(1)?
10
Let s(w) = 7*w**3 + 5*w**2 - 6*w - 2. Let k(g) = 13*g**3 + 10*g**2 - 11*g - 4. Let f(d) = 6*k(d) - 11*s(d). Determine f(-4).
14
Let k(j) = -4*j**2 + 2*j - 2. Let d be (-2 - 0) + (6 - (2 - 0)). Determine k(d).
-14
Let l = 1 + 2. Let v(j) = 4*j**2 - 2. Let f(w) = -w**2. Let h(y) = l*f(y) + v(y). Let c be -1*0/(0 + 2). Determine h(c).
-2
Let h(t) = -6*t**2 + 5*t + 21. Let y(n) = n**2 - n - 4. Let g(k) = -4*h(k) - 22*y(k). Let i = 9 - 12. Determine g(i).
16
Let i be (-2)/((-3)/(45/6)). Suppose -6*z + z = i. Let y(u) = 4*u - 1. Determine y(z).
-5
Let i(h) = -4*h**3 + 1 + 0 + 8*h**3 - 5*h**3. Determine i(1).
0
Let p(v) = 9*v**2 - 2*v - 3. Let y(w) = 3*w**2 - w - 1. Let n(x) = -3*p(x) + 8*y(x). Calculate n(-2).
-7
Let b(o) = o**2 - 4*o. Suppose 12*z - 10*z - 8 = 0. Calculate b(z).
0
Let p(y) = 14*y - 26*y - 11*y - 1. Give p(-1).
22
Suppose -2 = -2*l + 2. Suppose i + 3 = -2*b, -l*i - 3*b + 5*b + 12 = 0. Let p(j) be the third derivative of -j**6/120 + j**5/20 + j**3/2 + 2*j**2. What is p(i)?
3
Let z(m) = m + 11. Let x(w) = -2*w - 21. Let g(f) = 6*x(f) + 13*z(f). Determine g(-8).
9
Suppose -4*k + 87 = 11. Let u = k + -17. Let a(r) be the second derivative of -r**4/6 + r**3/2 - 3*r**2/2 - r. Determine a(u).
-5
Let x = 10 - 7. Let b(h) = 0*h + 4*h**2 - 3*h - x*h**2. Give b(4).
4
Let d(y) = -2*y - 2*y**3 - 6*y**2 - 12 + 4 + 0*y + y**3. What is d(-6)?
4
Let o(d) = -14 + 15 + 3*d + d. What is o(-1)?
-3
Suppose -4*s - 5*w + 3*w - 34 = 0, 2*s - 4*w = -22. Let k = s + 7. Let f(z) = -z**3 - 2*z**2 + 2. Determine f(k).
2
Suppose -b - 22 = -4*p, p + 3 + 5 = -2*b. Let u(o) = o**3 - 6*o**2 + 2*o - 6. Let h(z) = -3*z**3 + 12*z**2 - 5*z + 11. Let t(w) = 2*h(w) + 5*u(w). What is t(b)?
-8
Let x(p) = p**2 + 3*p - 7. Suppose -10 = -14*f + 16*f. Determine x(f).
3
Let l(o) = 11*o - 10. Let w(k) = 5*k - 5. Let s(g) = -6*l(g) + 13*w(g). Determine s(-9).
4
Let u(h) = 2*h**2 + 7*h + 4. Let t(f) = -f**3 + 6*f**2 - 2*f + 8. Let k be t(6). Determine u(k).
8
Suppose z - b = 7, 5*b = 3*z + 3*b - 26. Let t(m) = m**2 + 8*m + 6. Let s be t(-6). Let d be (-9)/z*(-2 - s). Let r(j) = -j + 2. Determine r(d).
5
Let w(g) = g**2 + g - 10. Let k(r) = r**3 - 4*r**2 - 1. Let y be k(4). Let s be 0*y*(-1)/(-1). Determine w(s).
-10
Suppose -2*c - 2*c = -4. Suppose -i + c = -0*i. Let l(o) = -2*o**3 - 8*o**3 + 2*o + i + 2*o**3. What is l(-1)?
7
Let b(y) be the second derivative of -y**5/20 + y**4/4 + 2*y**3/3 - 3*y**2 + 11*y. Suppose -4*c - 13 = -3*c. Let a = -9 - c. Determine b(a).
-6
Let q(k) = 5*k**2 + k. Suppose 0 = z + 2*z - 9. Let c = z + -1. Suppose -3*m + 9 = -c*m - 4*i, 0 = 4*m - 2*i - 8. What is q(m)?
6
Suppose r - 355 = -345. Let q(c) = c**3 - 10*c**2 - c + 4. Give q(r).
-6
Let d = -9 - -13. Let t = d - 2. Suppose -t*o - o = 0. Let x(z) = z**2 - z + 10. Determine x(o).
10
Let a be ((-2)/(-4) - 0)*4. Let o be 3/(-2)*a/(-1). Let p(s) = 5 - 2*s - 1 - 2. Calculate p(o).
-4
Let j(s) be the second derivative of 1/24*s**4 - 1/3*s**3 + 1/180*s**6 + 0 - 2*s + 0*s**2 - 1/30*s**5. Let h(n) be the second derivative of j(n). What is h(3)?
7
Let m(j) = j**2 + 4*j + 2. Let r be 0/2 + -1 - 3. Give m(r).
2
Suppose -6 = 4*w - 18. Let l(v) = -v**2 + 4*v - 4. What is l(w)?
-1
Let q(g) = -2 + 4*g - g + 0*g - g**3. Let s be q(2). Let a be (s/6)/(4/(-24)). Let o(t) = 2*t**2 - 5*t - 2. Determine o(a).
10
Let o be (72/(-28))/(-3)*-7. Let n(m) = m + 4. What is n(o)?
-2
Let g(r) = r**3 + 5*r**2 - 3*r - 7. Let n = -13 - -8. Calculate g(n).
8
Let s be (-2 - -1)/(4 + -5). Let x(f) = f + 1. Let o(n) = -3. Let i(q) = s*x(q) + o(q). Determine i(4).
2
Let v(p) = -p**2 - 7*p - 7. Suppose -5*b = h, -2*h - 12 = -0*b - 2*b. Calculate v(h).
3
Let x(g) = -g**3 + 5*g**2 + g - 6. Let h be 1/(3 + (-42)/15). Determine x(h).
-1
Let k(w) = -2*w - 16*w**2 + 22*w**2 + w. Calculate k(1).
5
Let f(n) = -n**2 + 7*n - 7. Let m = 8 - 3. Suppose -y = -0*y - m. What is f(y)?
3
Suppose -3*f + 4*f = 0. Let s(y) = -y**3 + y**2 - y - 7. Determine s(f).
-7
Let u(w) = -w**2 - 5*w - 3. Suppose -y - 5 = -0. Give u(y).
-3
Let k(r) = r**2 - 3*r. Suppose 2*z + 1 = -4*h - 1, -4*z + 5*h = -22. Let d be k(z). Let b(c) = 3*c + d*c + 1 - 4*c. Determine b(-1).
2
Suppose -3*r + 2*d = -r, r = 2*d. Let n(g) = -g - 5. Give n(r).
-5
Let z(n) be the first derivative of n**2 - n - 2. What is z(1)?
1
Suppose -w = w - 4*x, -3*w + x = 0. Let r = 5 - w. Let m(t) = -t**3 + 6*t**2 - 5*t + 5. Give m(r).
5
Let r(d) = -5*d**3 + 14*d**2 + 3*d + 6. Let c(n) = 2*n**3 - 5*n**2 - n - 2. Let q(k) = -8*c(k) - 3*r(k). What is q(-3)?
10
Let x(r) = -r + 3. Let s(m) = 2*m - 3*m + 2*m. Let w(c) = 2*s(c) + x(c). Let z = 15 + -17. Determine w(z).
1
Let l = 25 + -23. Let a(n) = 9*n - 3. Give a(l).
15
Let y = 13 - 17. Let h(k) = -k - 2. What is h(y)?
2
Let h(u) be the third derivative of u**5/60 + u**4/12 - 7*u**3/6 + 21*u**2. Suppose k = -3 - 2. Calculate h(k).
8
Let k(h) = -6 + 130*h + 125*h - 8*h**2 + h**3 - 263*h. What is k(9)?
3
Let j(q) = -q**2 + 6*q + 4. Suppose 0 = -3*u - 3, 5*w - 12 = -4*u + 14. Give j(w).
4
Let f(b) = 3*b**3 - 2*b**2 - 2*b + 1. Let z be ((-3)/2 + -2)*36/(-63). What is f(z)?
13
Let x = -3 + 6. Let v = -1 + x. Let g(n) = 6*n + 5*n**v - n**3 + n**3 - n**3 + 3. What is g(6)?
3
Let c(m) be the first derivative of 5 + 1/2*m**2 - 3*m. Give c(6).
3
Let h(j) = -8*j**3 + 2*j**2 - 2*j + 1. Suppose -f - 4*f + 5 = 0. Let p be (0 - (-2)/2) + f. Suppose -4*v + 2*v = -p. What is h(v)?
-7
Let j(n) = -3*n - 5. Let b(v) = -3*v - 6. Let i(u) = 6*b(u) - 7*j(u). Determine i(-1).
-4
Let a(f) be the first derivative of -3*f**2/2 - 2*f + 8. Let g(i) = 3*i - 2. Let q be g(2). Calculate a(q).
-14
Let h(l) = l**3 + 5*l**2 - 6*l + 5. Suppose -3*m = 5*g - 5 + 1, 4 = -3*g - 5*m. Suppose 0 = -3*i - 3*u + 5*u - 16, 0 = -2*i + g*u - 10. What is h(i)?
5
Let w(d) be the second derivative of -d**5/20 + 3*d**4/4 - 3*d**3/2 + 5*d**2/2 + 2*d. What is w(8)?
-3
Let v(f) be the first derivative of f**7/840 - f**6/120 + f**5/40 - f**4/12 - f**3/3 + 2. Let j(s) be the third deriva